umber?
False
Suppose -37*w + 7018986 = 4*w - 1392943. Is w a composite number?
True
Let c = 257 - 240. Let s(t) = 4*t**2 + 21*t + 16. Is s(c) a prime number?
False
Suppose 328581 + 439696 = 3*q + k, 2*q - 4*k - 512194 = 0. Is q composite?
False
Suppose 8857 = 5*b - 17113. Suppose -26305 = -13*z + b. Is z a prime number?
True
Let h(q) = -2*q**3 + 3*q**2 - 26*q - 10. Let f be h(-16). Suppose -3*l - d - 7890 = 0, 1161 = -4*l + d - f. Let v = -1352 - l. Is v a composite number?
False
Suppose -5440 - 94285 = -25*i. Is i prime?
True
Suppose 7*j = 13 + 15. Suppose -56 = j*q - 4*g, -3*q - 20 = -2*q - 4*g. Is (-1)/(((-5)/(-20))/(381/q)) composite?
False
Let f = 165537 - 100876. Is f composite?
False
Let f be 1*7 + (-66 - -44). Is (-453558)/(-30) - f/(-25) composite?
True
Let w(s) = 2*s**2 - 27*s + 48. Let z(h) = -3*h**2 + 53*h - 95. Let b(p) = 5*w(p) + 2*z(p). Is b(23) a composite number?
False
Let s = 650 + -643. Let i(m) = 13 - 42 + 54*m + 27*m. Is i(s) composite?
True
Suppose -x - 1 = x - n, 0 = 5*n - 25. Let j(y) = 3*y + 140. Let d be j(-48). Is (-2)/(8/(-90)) + x/d a composite number?
True
Let h = 136008 + -34277. Is h a composite number?
True
Let i(u) = 23*u**2 + 34*u + 13. Let j(l) = 12*l**2 + 17*l + 6. Let m(n) = -3*i(n) + 5*j(n). Let c(b) be the first derivative of m(b). Is c(-8) composite?
False
Let o(l) = -20*l**3 - l**2 + 8. Let v(f) = -21*f**3 - f**2 + 7. Let y(h) = -6*o(h) + 7*v(h). Let t be y(-1). Let a = 238 - t. Is a composite?
False
Let d = 1029172 + -563723. Is d a prime number?
False
Suppose 0 = -15*t + 6*t + 16236. Suppose -4*w = 3*l - 2920, -t = -3*w + l + 399. Let u = 408 + w. Is u a prime number?
False
Is ((690714820/60)/(-47))/((-1)/3) composite?
False
Suppose 41583 = 19*j - 38160. Is j composite?
True
Let i be (63/28)/((-6)/(-8)). Suppose 3*r - t - i*t = 4955, -5*t - 6608 = -4*r. Is r composite?
False
Suppose 31*j = 7687534 + 3562273. Is j composite?
False
Suppose -4*t = -3*t - a - 4, 0 = 4*t - 3*a - 14. Is (152 - t) + 30 + -23 a prime number?
True
Let a be 6/((-12)/(-806)) + -5. Suppose 3527 = 7*i + a. Is i a prime number?
False
Let y(v) = 338*v**3 + 27*v**2 + 5*v - 25. Is y(8) prime?
True
Let a be (-168)/588 + 2/7. Let d = 1 - -10. Suppose 3*h - d*h + 3832 = a. Is h prime?
True
Suppose -9*i = 10*i + 73188. Let m = 2435 - i. Is m composite?
False
Let h(v) = 36*v**3 + 4*v**2 - 9*v - 8. Let j = -90 - -95. Is h(j) prime?
True
Suppose 0 = -p - 2*h - 19, 3*p - 7*p - 51 = 3*h. Is 9/12*4486*(-6)/p a prime number?
True
Suppose -71*t = -73*t + 4730. Let g = t - -856. Is g a composite number?
False
Suppose 40 = 6*l + 4. Let w be (-4 + l)/(2*2/(-8)). Let c = 145 - w. Is c prime?
True
Let h(f) = -2*f**3 + 2*f**2 + 2*f. Let g be h(-1). Let p be (31/(-4))/(g/(-16)). Suppose 3*w = -p + 317. Is w prime?
False
Let q(t) = 19*t**2 - 67*t - 1259. Is q(-36) composite?
True
Let v(j) = -120*j**3 + 8*j**2 + 20*j + 47. Let r be v(-4). Let n = -4998 + r. Is n a composite number?
False
Let t = 171 + -168. Suppose -15*o - t*o = -7092. Is o composite?
True
Let z(q) = 297*q + 643. Is z(10) a prime number?
True
Suppose -38421 + 266200 = 5*s + 3*m, -5*s + 227789 = -2*m. Is s prime?
True
Let w be ((-8584)/24)/(1/(12/(-4))). Let p = 5274 + w. Is p a prime number?
False
Suppose 0 = 10*r + 18 - 48. Suppose -2*d = 4*y - 9 - r, -2*y - 6 = 4*d. Suppose 16 = -y*g + 306. Is g a prime number?
False
Let j = 81774 - 36847. Is j composite?
False
Suppose 36 = 3*u + 18. Suppose -320 = -4*t + 4*o, -t + u*t + 3*o = 416. Is t prime?
False
Suppose -83235 - 32353 = -4*g - 4*c, 4*c - 28885 = -g. Is g composite?
False
Suppose -3*i + 15 = 2*i. Let a be (-2 - 28)*(-1)/i. Suppose 4*r - 89 = -4*g + 2543, 2*g = a. Is r prime?
True
Suppose 2*u = 2*m + 10, -u = -3*u + 4*m + 6. Suppose -5*t = 3*x + 18, 0 = -3*t - 3*x + u*x - 34. Let n(f) = -f + 16. Is n(t) a composite number?
True
Let p(c) = -c**3 + 8*c**2 - 2*c + 2. Let l(y) = y**3 - 7*y**2 + y - 3. Let b(z) = 4*l(z) + 3*p(z). Let w be b(5). Suppose w*x + 66 = 11*x. Is x prime?
False
Let n be ((-2)/(-6))/((-11)/1137147). Let v = 58952 + n. Is v a prime number?
False
Suppose 16 - 4 = 4*l. Suppose -l*h - h = -32236. Is h prime?
True
Suppose 0 = -6*t + 11 + 31. Let y(a) = a - 7. Let l be y(t). Suppose b - 6*b + 545 = l. Is b a prime number?
True
Let j(u) = 17 - 180*u - 23 - 13 - 17. Let l be j(-6). Let a = l + -301. Is a prime?
True
Suppose 3*p = 2*h + 59, -11*p - 43 = -13*p + 5*h. Suppose -p*o - 48610 = -29*o. Is o composite?
False
Let r = -7 - 2. Let i(y) = -90*y + 167*y - 26 - 98*y. Is i(r) prime?
True
Suppose 7*c = -2418 - 1901. Let m = 964 - 1846. Let y = c - m. Is y a prime number?
False
Let p(g) = g + 21. Let k be p(-16). Suppose k*q + 2854 = 6*q. Is q composite?
True
Suppose -15 = 3*l, 3*h - 5*l = -0*l + 1216. Let u = 654 - h. Is u composite?
False
Let g be (19 - 18)*(0 + 2). Suppose -7872 = -2*p - g*r, -5*r - 3 = -8*r. Is p a prime number?
False
Let r = 6886 + -2903. Is r prime?
False
Suppose -3*k + 13*f + 608451 = 16*f, 10 = -5*f. Is k prime?
False
Suppose 2*k - 1433542 = -4*a, -31*a = -2*k - 32*a + 1433554. Is k prime?
False
Suppose 0 = 17*p + 71 + 881. Is (-62980)/(-28) - (-16)/p a composite number?
True
Let o(h) be the first derivative of 47*h**3/3 - 9*h**2/2 - 147*h - 33. Is o(-11) prime?
True
Let h = 38 - 37. Let x be (h - 3)*12/6. Let v(n) = -486*n + 5. Is v(x) a composite number?
False
Suppose 27 - 99 = 6*m. Is (184792/(-28))/(m/21)*4 a prime number?
False
Let x be 30/(-4)*2/(-3). Suppose -w = 5*j + 5, 5 - 3 = -2*j. Suppose -m = -x*f + 640, 4*f = -3*m - w*m + 493. Is f a composite number?
False
Suppose 11999 = 4*g - k, 7*g - 10*g = -3*k - 9006. Is g composite?
False
Suppose -n - 8 = -2*w, 2*n = 3*w - 0*n - 13. Let z be (-1)/4*(3 - w). Is 16/4 + -1 - (-1478 + z) a prime number?
True
Suppose -12*k + 185630 = -2*k - 464200. Is k composite?
True
Let i(y) = 480*y + 59. Let m(d) = d**2 - 19*d + 97. Let j be m(6). Is i(j) composite?
True
Suppose 74*r - 57*r = 1026698. Is r composite?
True
Suppose -b + j = -112653, 144*j - 145*j = -4*b + 450624. Is b a prime number?
True
Let s(m) = 8149*m + 315. Let h be (-3)/(-165)*-5 + 222/22. Is s(h) a prime number?
False
Let v(o) = 2*o**2 - 4*o - 317. Let s(u) = u**2 - 2*u - 158. Suppose 4*m + 17 = -3*t, m = -4*t + 2*m - 10. Let w(z) = t*v(z) + 5*s(z). Is w(0) prime?
False
Let u be (2/3)/(9 - 3896/432). Is (-1226)/2*(-12)/(u/(-3)) prime?
True
Suppose 4*w - 18 = -2*x, 2 = -3*w + 11. Let u(y) = -34*y**x - 2 + 14*y + 0*y**3 - 30*y + 14*y. Is u(-1) composite?
True
Suppose -346*j + 1288826 = -332*j. Is j composite?
True
Let x(h) = -h**2 - 7*h - 3. Let m be x(-6). Suppose 0 = -m*r - 4*l + 459, -8*r + 2*l = -7*r - 143. Is r prime?
True
Suppose 0 = -493*g + 6061638 + 10346881. Is g a composite number?
True
Suppose 78448 = -22*x + 1282794. Is x composite?
True
Let m be 3/(2*-1*18/(-132)). Let z = m - 6. Suppose 5*v - 424 - 21 = -z*h, v - 176 = -2*h. Is h prime?
False
Let p = 629689 + -329696. Is p composite?
False
Let c(v) = 953*v**3 + 5*v**2 - 29*v + 101. Is c(4) a composite number?
False
Let x = -103 + 106. Suppose 5*c - 2*g - 17171 = 0, 0 = -3*c - x*g - 215 + 10505. Is c a prime number?
True
Let h = -16667 - -30219. Let x = 23921 - h. Is x composite?
False
Let b = -11 + 15. Suppose -3*r = 9*r - 8076. Suppose 2*v = z + r, -b*v = z + z - 1350. Is v prime?
True
Suppose 7*s + 3*h = 2*s + 40322, 4*h = 16. Let u be ((-50304)/18)/8*(-54)/8. Suppose -4*n + s = -u. Is n a composite number?
True
Let c be 4 + ((-48)/60)/((-2)/(-5)). Let y be -1 + (-4 + 4)/c. Is (-35)/(-15)*(-1011)/y prime?
False
Is (-2371 + -6)/(1/(-1) + (-496)/(-527)) composite?
True
Suppose 0 = 4*o + o - i - 167706, 4*o - 134167 = 3*i. Is o a prime number?
False
Suppose 44735 - 136150 = -4*x - g, 2*g = 2*x - 45710. Suppose -47*u + x = -41*u. Is u a prime number?
False
Is (-6403316)/(-406)*(-21)/(-6) a composite number?
False
Is (71707/8 + -1)/((-376)/(-3008)) a composite number?
False
Suppose 606780 = 2*z - 2*w, 3*z + 5*w - 451625 - 458537 = 0. Is z prime?
True
Let c(h) = -370*h - 3. Let d(q) = 370*q + 3. Let l be (-3 - 12/4) + 1. Let t(o) = l*c(o) - 4*d(o). Is t(2) composite?
False
Suppose 50*p + 25*p = 5653275. Is p a prime number?
True
Let m(y) = -2*y + 12. Let v be m(-4). Let n be ((-40)/(-6) - 7) + v/6. Suppose -n*h - 3*w + 2142 =